 = -57*p - 4. Let s be b(-4). Suppose -4*g - 97 = l - 107, -l - 5*g = -12. Suppose -s = -l*h - 66. Is h composite?
False
Suppose 0 = 3*u - 11 - 4. Suppose -u*a = -4*a + 3*a. Suppose a*x = -5*j + 4*x + 7479, 4 = x. Is j a prime number?
True
Let h(o) = -o**2 - 22*o - 61. Let p be h(-18). Let v be 2 + 2 + -2 + -2. Suppose v = -14*t + p*t + 345. Is t prime?
False
Let l be 18/(-27)*(-45)/(-6). Let w(n) = 167*n**2 - 16*n + 12. Is w(l) a prime number?
False
Let f be (3 + (2 - 1))/((-5)/(-15)). Let j(l) = 2 - f*l + 36*l + 30*l**2 - 17*l. Is j(3) prime?
True
Let g(y) = -y + 33. Let q be g(15). Let u(z) = 395*z + 67*z + 1 + q*z - 2. Is u(4) prime?
False
Suppose -2*k + 54 = 4*d, 5*k - 17 - 13 = -3*d. Let y(h) = -7*h + 10 - 10*h + d + 2*h**2 + 8. Is y(20) composite?
True
Let v(s) = -311*s + 116. Suppose -9*r = -12*r - 5*b - 29, 0 = -3*r + 4*b + 7. Is v(r) composite?
False
Let g = -205760 + 658029. Is g a prime number?
True
Let h(l) = 58 - 28 - 29 - 2*l. Let o be h(-1). Suppose -161 = -g - 2*q, -5*g + 121 = -o*q - 697. Is g composite?
False
Let l = 13192 + -6606. Suppose 18*f - 21548 = l. Is f composite?
True
Let q(r) be the third derivative of r**7/168 - r**6/60 + r**5/20 + 3*r**4/4 - r**3/6 + 19*r**2. Let p(o) be the first derivative of q(o). Is p(7) composite?
False
Let d(w) = -4 + 4 + 1523*w**2 + 167*w**2 + 5 + 2*w. Is d(2) a prime number?
False
Let d be ((-3)/(-1))/((-2)/4). Is 5*(-2)/(-15)*d - -1677 composite?
True
Suppose -28586 = -2*x + 4*i, 5*x - 754*i = -756*i + 71393. Is x a prime number?
True
Suppose 0 = -16*o - 21632 + 68064. Let m = 4611 - o. Is m a composite number?
False
Let y(t) = 33*t**3 + 17*t**2 - t + 29. Let z be y(-13). Is (z/(-44))/((-1)/(-6)*3) a prime number?
True
Is 1726734/8*(7900/(-75))/(-79) composite?
False
Let a be (-3)/1*(-12 - (-40)/15). Suppose -a*x = -12*x - 16688. Is x composite?
True
Suppose -420*x + 392*x = -4815076. Is x composite?
True
Is (-64)/48*(-11)/(-66) - (-37066)/18 prime?
False
Let w = 677 - -141. Suppose -2030 = -16*r + w. Is r prime?
False
Suppose 3*z = 62*n - 59*n - 4196565, -6*z + 5595440 = 4*n. Is n a composite number?
True
Let v(z) = -z**3 - 15*z**2 + 25*z + 13. Let y be v(-28). Suppose -38*i = -33*i - y. Is i composite?
False
Suppose -27*i - 28*i + 2700665 = 0. Is i prime?
True
Suppose -2*q + 12*q = 0. Suppose 3*x - 2*w - 1 = 0, 5*w - 8 = 4*x - q*x. Is (x - 22077/(-6)) + (-4)/(-8) a prime number?
False
Let b(p) = 156*p - 91. Let c(i) = -i**3 + 18*i**2 + 3*i - 50. Let d be c(18). Is b(d) a composite number?
True
Suppose -2*l + 19 = 2*j - 3*l, 4*j - 3 = -5*l. Is (j + 1)*-1 - -13759 composite?
False
Let k = 11029 - 3437. Let i = 6045 + k. Is i a prime number?
False
Is (116 - 123) + 1 + 973327 a composite number?
False
Suppose 3*b = -95 - 121. Let s = b + 77. Suppose -3*c = -s*c + 1054. Is c a prime number?
False
Let c(z) = 699*z + 5. Let o be c(8). Suppose -3*g - 5*f = -8399, 47*g + f - o = 45*g. Is g a composite number?
True
Is (-146 + 145)/(3/(-39066)*2) prime?
False
Suppose -3*b - 5*z - 607637 = -7*b, -5*b + 5*z = -759550. Is b composite?
True
Let h be (2/(-4))/(2/(-4)) - -2. Let l(k) = 10 - k**h - 12*k - 2*k + 4 + 17*k**2 - 1. Is l(15) prime?
False
Let i(u) = -u**2 - 10*u + 5. Let o be i(-10). Suppose -20 = -5*z, o*z = -f + 2*f + 15. Suppose f*y = 267 + 988. Is y prime?
True
Suppose 2*o - 9 = -2*h + 5*o, 4*h = 4*o + 16. Suppose 11 = h*m - 2*a - 34, -a - 16 = -m. Is (9 - m) + 261 + 0 composite?
False
Is (-410761 + -52)/((-6)/24 - 3/4) a prime number?
False
Suppose -6704601 + 2318150 = -71*q. Is q a prime number?
True
Let c(j) = 3*j**2 + 21*j + 737. Is c(35) a prime number?
True
Suppose -313*d = -317*d - 4*i + 2290372, 4*d - 2290372 = -3*i. Is d composite?
True
Suppose -w = 10*w + 11. Let o(n) = 4329*n**3 + n. Let v be o(w). Is (-1)/(4332/v - -1) a prime number?
False
Let a be (-17268)/(-18) - (-2)/3. Suppose 2*z = -p + 297 + 185, 2*p + 2*z - a = 0. Is p composite?
True
Let w = -27487 + 46326. Is w a composite number?
False
Let b = 19397 - 9853. Suppose -51*h - b = -59*h. Is h a composite number?
False
Let l = -899590 + 1277735. Is l a prime number?
False
Suppose -28*s = -42*s - 79*s + 7031823. Is s composite?
False
Is 16557*(-2 + (-35)/(-15)) prime?
True
Suppose g = 0, 39 = 3*p + g + 9. Suppose 2*r - 1010 = -2*b, 6*b - p = b. Is r a prime number?
True
Suppose 0*o = -o - 3, 2*o = 4*a - 1896226. Is a composite?
True
Suppose 1 = 4*o + 1. Suppose 30*s - 34*s = o. Suppose -2*t + 6*t - 4172 = s. Is t prime?
False
Suppose -5*c + 2*p = -22 + 3, 5*c = p + 17. Suppose -c*f + 5*m + 15603 = -2*f, 0 = -3*f + 5*m + 46829. Is f a composite number?
True
Is (-2394234)/(1 + -10)*11/22 prime?
True
Let a = 908 + -902. Is a/(-36) + 115610/12 a prime number?
False
Let s be (-4)/20 + (-679)/5. Suppose -28 + 11 = v. Is 16/s + (-240)/v a prime number?
False
Let j(m) be the first derivative of -m**2 + 12*m - 1. Let s be j(5). Is (7/s)/(11/22)*3 a prime number?
False
Let l(o) = 9*o**3 - 92*o**2 - 4*o - 11. Is l(13) prime?
False
Let z = 124 + -119. Suppose -z*q - 18*q + 32131 = 0. Is q a composite number?
True
Let m be ((-1)/(6/4))/((-42)/315). Let s(y) = 79*y**2 - 3*y - 11. Is s(m) composite?
False
Let i(w) = w**3 - 5*w**2 + 4*w - 6. Let n be i(3). Is n + 15 + (-1936)/(-2) prime?
True
Let q be 6 + 2/4*(-8 - -21028). Suppose 3*k - 15785 = -g, 2*k - 5*g = -2*g + q. Is k prime?
True
Suppose 5*i = 3*i - 14, 2*i - 1549429 = -3*z. Is z prime?
False
Is ((-84890646)/(-135) - 21) + 4/10 + 0 a composite number?
False
Suppose -90*x - 848497 + 8163787 = 0. Is x composite?
False
Suppose 3*r = 16115 + 9244. Is r a prime number?
False
Suppose 37477 = c + 2*j, 0 = -5*c - 56*j + 51*j + 187385. Is c prime?
False
Let d = 40 + -36. Let q be 400 + 0 + -1 - d/4. Let l = 729 - q. Is l prime?
True
Suppose -16969 - 9691 = 2*v - 2*c, c + 26648 = -2*v. Let h = -5573 - v. Is h a composite number?
False
Let v(l) = 4626*l - 26. Let c be v(1). Suppose -k + 1339 = -c. Is k a prime number?
True
Suppose 43*d - 86*d = -50*d + 929719. Is d a prime number?
True
Let g be (-4)/(-6 + -2 + 3)*5. Let s = 17 - g. Suppose -s*w = -12*w - 797. Is w a composite number?
False
Suppose -7*s - 508 + 984 = 0. Suppose -5779 = 67*p - s*p. Is p prime?
True
Suppose -67*q + 958 = -65*q. Suppose -q = 4*v + 333. Let y = 10 - v. Is y a composite number?
True
Is 3391295/15 - (-34)/51 a prime number?
True
Let c(w) = -2*w**2 + 53*w + 27. Let j be c(27). Suppose -9*i + 43073 + 21286 = j. Is i a prime number?
True
Let c(g) = -g**3 + 7*g**2 - 2*g + 16. Let d be c(7). Suppose 5*m - 8 = d*v + 4, 0 = -3*v + 4*m - 4. Let b(x) = 176*x - 25. Is b(v) prime?
False
Let f be (0 - 2)/((-2)/(-437)). Let s(y) = -5*y**2 + 13*y - 50. Let l be s(4). Let n = l - f. Is n a composite number?
False
Let j = 488 + 2321. Suppose -10*x + j + 421 = 0. Is x prime?
False
Suppose -32 - 84 = 29*o. Is (-186404)/o*(3 + -2) a prime number?
True
Suppose l + s - 6989 = 0, 4*l + 5*s - 20957 = l. Let m = -5892 - -10493. Let t = l - m. Is t composite?
False
Let n = 84113 - 50761. Is (n/12 + 5)/((-3)/(-9)) a composite number?
False
Let k(x) = 2*x**2 - 375*x**3 - 30 + 174*x**3 + 34. Is k(-3) a composite number?
False
Let x be (7 - (-42745)/15)*(-3)/(-2). Let i = 19908 - x. Is i a prime number?
False
Suppose 604841 - 7000181 = -27*s - 33*s. Is s composite?
True
Suppose 3200 = 5*x - 0*i + 5*i, -2*i - 6 = 0. Suppose -324 = 2*o - 3*o. Let w = x - o. Is w composite?
True
Let f(q) = q**3 + 11*q**2 + 14*q + 17. Let c be 2372/24 + (-7)/(-42). Suppose -z - 10*z = c. Is f(z) prime?
True
Let g(t) be the second derivative of 193/6*t**3 + 11/2*t**2 + 0 - 20*t. Is g(10) a prime number?
False
Is 5*520487/(-55)*-1 a prime number?
True
Let a(y) = 53*y**3 + 4*y**2 - 3. Let b be a(4). Suppose 26*t - 34*t = -32. Suppose -3*i - t*d = -b, -i - d + 1151 = -0*d. Is i a prime number?
True
Suppose 2*g - 11*s + 15*s - 718810 = 0, g + 5*s - 359402 = 0. Is g prime?
True
Let f = -3103 - -8514. Suppose -3*o + 2*b + f = 0, 1800 = -0*o + o + 3*b. Is o a composite number?
True
Let k(u) = 7*u - 12. Let c be k(3). Suppose c*m - 8813 = 2*m. Is m a composite number?
False
Let y(a) = 5*a**2 - 11*a - 123. Let w be y(28). Suppose 13*r - 14*r = 0, 3*q - w = 4*r. Is q prime?
True
Let m be (-111709)/(-3) - 3*16/(-72). Let h = -20001 + m. Suppose -h - 27316 = -8*l. Is l 